44. What is r(54)?
-5284
Let h(b) = -28*b**2 - 395*b - 986. Give h(-11).
-29
Let g(a) = 7*a**2 - 5097*a - 46440. Calculate g(-9).
0
Let j(l) = 320*l - 3189. Give j(11).
331
Let i(b) = -89461*b - 715686. Give i(-8).
2
Let v(u) = -u**3 - 24*u**2 + 169*u - 231. Give v(2).
3
Let t(o) = -24*o**2 + 34303*o - 9989. Calculate t(1429).
14
Let s(m) = 10*m**2 - 5011*m - 4662. What is s(502)?
-144
Let q(a) = 761401*a - 6852645. Give q(9).
-36
Let a(s) = -s**3 - 334*s**2 + 5181*s - 111. Give a(15).
-921
Let b(a) = 20*a**3 - 2504*a**2 - 2016*a + 98. Calculate b(126).
98
Let o(b) = -2025*b - 339. What is o(0)?
-339
Let a(m) = 4*m**2 + 15720*m - 94338. Calculate a(6).
126
Let t(k) = -k**3 - 20*k**2 + 126*k + 2383. Give t(11).
18
Let t(v) = -2480*v + 128428. Calculate t(52).
-532
Let n(c) = c**3 + 13*c**2 - 10521*c - 126400. Give n(-12).
-4
Let n(o) = -16*o**3 + 105*o**2 + 62*o - 162. Determine n(1).
-11
Let m(b) = -1082*b**2 - 95217*b - 65. Determine m(-88).
23
Let r(t) = 176*t - 6005. Calculate r(34).
-21
Let m(f) = 15*f**2 + 1093*f + 3460. Calculate m(-69).
-542
Let m(y) = -28*y**2 - 142*y - 708. Determine m(-5).
-698
Let j(w) = -5*w**3 - 106*w**2 + 2*w + 462. Calculate j(-21).
-21
Let l(d) = -d**2 - 600*d + 55127. Give l(81).
-34
Let w(m) = m**3 + 259*m**2 - 61349*m + 348. Calculate w(-409).
-61
Let b(m) = 11155*m + 702794. What is b(-63)?
29
Let w(p) = 9*p**2 - 4949*p - 14843. What is w(-3)?
85
Let s(d) = d**3 + 33*d**2 - 382*d + 204. Give s(8).
-228
Let w(l) = -278*l + 6301. Give w(24).
-371
Let k(f) = f**2 - 10977*f - 98891. Give k(-9).
-17
Let w(o) = -o**2 + 130*o - 2596. Calculate w(92).
900
Let w(u) = u**3 + 16*u**2 - 24*u - 1. Determine w(8).
1343
Let s(d) = d**3 + 427*d**2 - 10345*d + 2243. Calculate s(-450).
-7
Let d(v) = -641*v**3 - 2*v**2 + 52*v - 51. Give d(1).
-642
Let d(o) = -35*o**3 + 6821*o**2 + 783*o - 629. Calculate d(195).
-44
Let q(o) = -13*o**3 + 9*o**2 - 9*o + 203. Calculate q(6).
-2335
Let b(w) = -83*w - 948. What is b(-15)?
297
Let h(g) = -8871*g - 2563736. Give h(-289).
-17
Let t(h) = -4354*h - 65312. Give t(-15).
-2
Let o(d) = -15*d**2 + 89*d + 15. Calculate o(6).
9
Let d(z) = -z**2 - 4643*z + 46530. Determine d(10).
0
Let x(f) = -20811*f + 124876. Give x(6).
10
Let h(n) = 26*n + 1961. Calculate h(-41).
895
Let z(k) = -4378*k**2 + 65685*k - 264. What is z(15)?
-39
Let h(k) = -k**2 - 3043*k - 63586. Give h(-21).
-124
Let r(o) = -22*o**2 - 75*o + 1303. Determine r(9).
-1154
Let a(c) = 378*c - 7189. What is a(17)?
-763
Let j(t) = -10*t**2 + 5111*t - 10218. Give j(2).
-36
Let t(h) = -7*h**2 - 81*h - 87. Calculate t(-3).
93
Let z(x) = 163*x - 1373. Give z(9).
94
Let l(v) = 75*v**2 + 13723*v - 347. Calculate l(-183).
19
Let k(h) = -2*h**3 + 641*h**2 - 1411*h + 349099. Give k(320).
-21
Let o(h) = -h**2 + 13139*h + 92022. Determine o(-7).
0
Let n(d) = 30*d**3 - 2*d**2 - 91*d - 291. Calculate n(-3).
-846
Let a(k) = -k**2 - 7306*k - 145614. Give a(-20).
106
Let d(n) = n**3 + 17*n**2 + 853*n + 14497. What is d(-17)?
-4
Let j(r) = 250*r + 2811. Determine j(-13).
-439
Let u(w) = -13*w**3 - 2*w**2 - 13*w + 42. Calculate u(4).
-874
Let u(f) = 4*f**2 + 158*f - 530. What is u(-42)?
-110
Let b(v) = 56554*v - 791769. Give b(14).
-13
Let i(d) = -d**3 + 173*d**2 - 695*d + 120208. Give i(173).
-27
Let y(h) = 70*h - 9974. Determine y(151).
596
Let r(d) = 4*d**2 - 792*d + 24777. What is r(39)?
-27
Let u(g) = 175*g**3 + 2*g**2 - 9*g + 7. Calculate u(1).
175
Let r(o) = -7*o**3 - 933*o**2 - 271*o - 81. What is r(-133)?
584
Let j(t) = t**3 + 11*t**2 - 63*t + 100. Give j(-16).
-172
Let q(a) = -a**3 - 30*a**2 - 43*a - 2863. Give q(-32).
561
Let n(k) = 26*k**2 - 3459*k + 109573. What is n(52)?
9
Let g(c) = c**2 - 1577*c + 25178. Give g(16).
202
Let b(g) = 335*g - 35587. What is b(107)?
258
Let j(u) = -12*u**2 + 3188*u + 6369. Calculate j(-2).
-55
Let y(h) = 2*h**3 - 10*h**2 - 816*h + 4859. Determine y(6).
35
Let h(d) = -1038*d + 44263. Determine h(41).
1705
Let b(i) = -2*i**2 - 366*i - 2024. Give b(-177).
100
Let l(b) = 1005*b**2 + 11971*b - 1075. Calculate l(-12).
-7
Let g(v) = 190155*v + 8747130. Give g(-46).
0
Let j(l) = -163096*l - 652393. Give j(-4).
-9
Let t(y) = 4289*y + 26058. What is t(-6)?
324
Let h(z) = -888*z**3 + 2*z**2 + 64*z - 67. Give h(1).
-889
Let h(a) = 404*a - 4084. Give h(11).
360
Let q(j) = -9*j**3 + 4*j**2 + 22*j + 50. What is q(-4)?
602
Let r(s) = 10*s**3 + 147*s**2 + 70*s - 9. Determine r(-14).
383
Let u(f) = -17*f**3 + 79*f**2 + 201*f - 955. Give u(5).
-100
Let s(f) = 2*f**3 - 69*f**2 - 1864*f + 2291. What is s(52)?
3
Let p(m) = -666*m - 182424. Give p(-274).
60
Let m(z) = 2*z**3 + 631*z**2 - 1588*z + 883. Calculate m(-318).
247
Let h(f) = 92*f - 7582. What is h(76)?
-590
Let d(q) = -q**3 - 4*q**2 + 17*q - 15. What is d(-9)?
237
Let s(r) = 20*r**2 - 1786*r - 393. Determine s(89).
-927
Let v(t) = 238*t + 6400. Determine v(-27).
-26
Let c(b) = -8*b - 984. Determine c(3).
-1008
Let f(c) = -c**2 - 10808*c + 3241193. Determine f(292).
-7
Let d(b) = -2*b**2 + 193*b + 9587. Give d(-39).
-982
Let g(f) = -3*f**3 - 142*f**2 + 16263*f + 226. Determine g(-101).
24
Let w(s) = -8*s**3 + 18*s**2 - 170*s - 528. Give w(-3).
360
Let p(q) = -3*q**3 + 61*q**2 + 698*q - 14390. Give p(20).
-30
Let a(g) = 2*g**3 + 2436*g**2 - 34544*g - 59141. Give a(-1232).
-5
Let q(d) = -66999*d - 66998. Give q(-1).
1
Let k(j) = -5*j**2 - 8925*j - 35617. Give k(-4).
3
Let n(k) = 30249*k + 242058. Calculate n(-8).
66
Let y(q) = 18*q**2 - 788*q - 109. Determine y(42).
-1453
Let h(r) = -438*r**2 + 2183*r + 39. Give h(5).
4
Let s(v) = -3*v**2 - 148*v + 27371. Determine s(74).
-9
Let x(w) = 294*w**2 + 208165*w + 9211. Give x(-708).
7
Let g(m) = 2*m**3 - 1369*m**2 - 11091*m - 96. Determine g(-8).
-8
Let f(a) = a**2 + 269118*a - 4575281. Calculate f(17).
14
Let u(x) = -2160*x - 36742. Determine u(-17).
-22
Let m(n) = -n**2 + 5863*n + 105854. Determine m(-18).
-4
Let y(f) = -192*f**2 + 132474*f + 4065. What is y(690)?
-75
Let n(r) = 49*r**2 + 47*r + 95. Calculate n(-4).
691
Let q(s) = -17770*s - 159932. What is q(-9)?
-2
Let g(z) = 5*z**3 + 265*z**2 + 766*z - 90. Determine g(-50).
-890
Let u(m) = m**3 - 26*m**2 + 6*m + 477. What is u(25)?
2
Let x(t) = t**3 + 65*t**2 + 211*t + 867. Give x(-62).
-683
Let f(v) = -1195*v + 10669. Calculate f(7).
2304
Let u(s) = 3*s**2 + 131*s + 990. Give u(0).
990
Let c(k) = 3*k**3 + 98*k**2 + 310*k + 11309. Calculate c(-33).
-10
Let p(k) = 46*k + 1400. Calculate p(-28).
112
Let t(c) = 640*c**2 + 68*c + 25. What is t(0)?
25
Let x(h) = 19866*h + 3158700. Give x(-159).
6
Let z(g) = -16*g**2 - 2907*g - 60547. Give z(-24).
5
Let f(r) = r**3 + 19*r**2 + 1125*r + 17271. Calculate f(-16).
39
Let c(d) = -d**3 - 93*d**2 + 91*d - 392. Calculate c(-94).
-110
Let n(p) = 124*p**2 + 10635*p - 21269. Give n(2).
497
Let g(c) = -1660*c - 114433. Determine g(-69).
107
Let x(s) = 10*s**2 - 713*s - 1469. What is x(-2)?
-3
Let r(w) = -w**3 + 157*w**2 + 2205*w - 70. Calculate r(-13).
-5
Let h(u) = 14*u**2 + 81*u - 1227. Give h(13).
2192
Let n(s) = 2*s**2 + 536*s - 51433. Give n(-343).
17
Let a(j) = 4*j**2 - 10631*j + 336110. Determine a(32).
14
Let v(k) = -11*k**2 - 493*k + 1118. Determine v(-47).
-10
Let p(k) = k**3 - 60*k**2 + 1563*k - 6441. Give p(5).
-1
Let a(h) = 27*h**2 + 231*h - 2143. What is a(8)?
1433
Let f(r) = 31*r + 2747. What is f(-65)?
732
Let h(r) = 17*r**3 + 174*r**2 - 382*r - 271. What is h(-12)?
-7
Let s(u) = -u**2 - 113399*u - 340182. Give s(-3).
6
Let u(y) = 1238*y - 6357. Calculate u(6).
1071
Let j(q) = -8655*q + 52174. Calculate j(6).
244
Let z(g) = 7*g**2 + 447*g - 3442. Determine z(8).
582
Let g(x) = 9*x**2 - 19*x - 1519. What is g(-12)?
5
Let d(u) = -1809*u + 16927. Determine d(9).
646
Let n(j) = 508549*j + 5085485. Give n(-10).
-5
Let k(z) = -1198*z - 17025. What is k(-15)?
945
Let v(f) = 7*f**2 - 1093*f - 2172. What is v(-2)?
42
Let h(u) = 2*u**2 + 334*u + 10131. What is h(-127)?
-29
Let k(s) = -1593*s + 6424. Calculate k(4).
52
Let d(a) = -a**2 + 172*a - 2090. Determine d(150).
1210
Let h(g) = 363*g - 670. Determine h(2).
56
Let p(k) = 116*k**2 - 629*k + 260. Determine p(5).
15
Let y(g) = -g**3 + 19*g**2 - 223*g + 9390. Determine y(25).
65
Let x(n) = n**2 - 14053*n + 350718. Determine x(25).
18
Let u(s) = -s**2 - 5911*s - 76674. Determine u(